{"id":34,"date":"2018-09-29T19:55:04","date_gmt":"2018-09-29T17:55:04","guid":{"rendered":"http:\/\/art-therapie-laurencegarmadi.fr\/?page_id=34"},"modified":"2025-06-02T17:02:18","modified_gmt":"2025-06-02T15:02:18","slug":"laurence-garmadi","status":"publish","type":"page","link":"https:\/\/art-therapie-laurencegarmadi.fr\/?page_id=34","title":{"rendered":"Laurence GARMADI"},"content":{"rendered":"<p align=\"JUSTIFY\"><span style=\"color: #000000;\"><span style=\"font-family: DIN;\"><span style=\"font-size: medium;\">Depuis toujours, le chant, la voix, l&rsquo;\u00e9coute, l&rsquo;exp\u00e9rimentation mais aussi le questionnement, la curiosit\u00e9, l&rsquo;int\u00e9r\u00eat pour le Vivant sont ses moteurs d&rsquo;exploration et de cr\u00e9ativit\u00e9. <\/span><\/span><\/span><\/p>\n<p align=\"JUSTIFY\"><span style=\"color: #000000;\"><span style=\"font-family: DIN;\"><span style=\"font-size: medium;\">Apr\u00e8s des \u00e9tudes universitaires et une premi\u00e8re \u00e9tape dans la presse et l&rsquo;\u00e9dition, elle parcourt l&rsquo;Asie et se forme au massage Tha\u00ef, \u00e0 la m\u00e9ditation et d\u00e9couvre le Tha\u00ef-chi-chuan.<\/span><\/span><\/span><\/p>\n<p align=\"JUSTIFY\"><span style=\"color: #000000;\"><span style=\"font-family: DIN;\"><span style=\"font-size: medium;\">Puis en 1993, enceinte pour la premi\u00e8re fois, elle contacte un \u00e9lan qui la pousse vers un travail vocal avec cette injonction : \u00ab c&rsquo;est maintenant \u00bb. Son chemin d&rsquo;investigation avec la voix et la r\u00e9sonance d\u00e9bute. <\/span><\/span><\/span><\/p>\n<p align=\"JUSTIFY\"><span style=\"color: #000000;\"><span style=\"font-family: DIN;\"><span style=\"font-size: medium;\">Un chemin nourrit de rencontres humaines et vocales. Que chacun, chacune soit ici remerci\u00e9. <\/span><\/span><\/span><\/p>\n<p align=\"JUSTIFY\"><span style=\"color: #000000;\"><span style=\"font-family: DIN;\"><span style=\"font-size: medium;\">Un itin\u00e9raire de vie o\u00f9 chaque \u00e9tape maternit\u00e9, maladie, deuil, contact avec la nature permettent la connexion \u00e0 l&rsquo;int\u00e9riorit\u00e9 et \u00e0 l&rsquo;immensit\u00e9. S&rsquo;y d\u00e9ploie un processus d&rsquo;introspection corporelle et psychique riche, initiatique, qui nourrit ses propositions. Les formations aupr\u00e8s de Sophie Guedj-Metthey, la lecture \u00ab\u00a0des dialogues avec l&rsquo;Ange\u00a0\u00bb ou encore l&rsquo;actuelle formation en Wutao contribuent \u00e0 l&rsquo;ensemble, inlassablement.<\/span><\/span><\/span><\/p>\n<p align=\"JUSTIFY\"><span style=\"color: #000000;\"><span style=\"font-family: DIN;\"><span style=\"font-size: medium;\">Tout r\u00e9sonne et conduit vers plus de conscience. Sa pratique vocale en est l&rsquo;expression profonde. <\/span><\/span><\/span><\/p>\n<p align=\"JUSTIFY\"><span style=\"color: #000000;\"><span style=\"font-family: DIN;\"><span style=\"font-size: medium;\">Ainsi de ses premiers ateliers en 1997 avec l&rsquo;association \u00ab Le Chant du Lac \u00bb, puis son activit\u00e9 en tant qu&rsquo;ind\u00e9pendante avec \u00ab Le Chant de la Terre \u00bb, au sein de laquelle elle \u00e9largit ses domaines d&rsquo;application, en institutions MAS, Maisons d&rsquo;Accueil Sp\u00e9cialis\u00e9 en psychiatrie, Centre pour enfants poly-handicap\u00e9s&#8230; \u00e0 l&rsquo;accompagnement individuel ou en groupe, elle chemine nourrissant inlassablement l&rsquo;\u00e9coute, la voix, la r\u00e9sonance&#8230; et dans le tournant de notre soci\u00e9t\u00e9, elle r\u00e9affirme son \u00e9lan toujours de mieux en mieux vers soi, vers le souffle qui nous habite et que nous partageons en lien avec notre Humanit\u00e9 et l&rsquo;omnipr\u00e9sence de l&rsquo;<strong>I<\/strong>ntelligence <strong>A<\/strong>moureuse .<br \/>\n<\/span><\/span><\/span><\/p>\n<p align=\"JUSTIFY\"><span style=\"color: #3366ff;\"><span style=\"font-family: DIN;\"><span style=\"font-size: medium;\">En chemin:<\/span><\/span><\/span><\/p>\n<p style=\"padding-left: 30px;\" align=\"JUSTIFY\"><span style=\"color: #000000;\"><span style=\"font-family: DIN;\"><span style=\"font-size: medium;\">Certifi\u00e9e en Chant du souffle, Wutao<\/span><\/span><\/span><\/p>\n<p style=\"padding-left: 30px;\" align=\"JUSTIFY\"><span style=\"color: #000000;\"><span style=\"font-family: DIN;\"><span style=\"font-size: medium;\">Diplo\u0302me\u0301e en Art-the\u0301rapie Faculte\u0301 de pharmacie et de me\u0301decine de Poitiers<br \/>\n<\/span><\/span><\/span><\/p>\n<p style=\"padding-left: 30px;\" align=\"JUSTIFY\"><span style=\"color: #000000;\"><span style=\"font-family: DIN;\"><span style=\"font-size: medium;\">Titulaire des trois degre\u0301s de Psychophonie &#8211; Paris <\/span><\/span><\/span><\/p>\n<p style=\"padding-left: 30px;\" align=\"JUSTIFY\"><span style=\"color: #000000;\"><span style=\"font-family: DIN;\"><span style=\"font-size: medium;\">Diplo\u0302me\u0301e en Sciences de l&rsquo;information \u2013 DEA- Paris <\/span><\/span><\/span><\/p>\n<p style=\"padding-left: 30px;\" align=\"JUSTIFY\"><span style=\"color: #000000;\"><span style=\"font-family: DIN;\"><span style=\"font-size: medium;\">Diplo\u0302me\u0301e en Sciences humaines &#8211; Licence- Poitiers <\/span><\/span><\/span><\/p>\n<p style=\"padding-left: 30px;\" align=\"JUSTIFY\"><span style=\"color: #000000;\"><span style=\"font-family: DIN;\"><span style=\"font-size: medium;\">Certifi\u00e9e en massage Tha\u00ef \u2013 Chiang Ma\u00ef<\/span><\/span><\/span><\/p>\n","protected":false},"excerpt":{"rendered":"<p>Depuis toujours, le chant, la voix, l&rsquo;\u00e9coute, l&rsquo;exp\u00e9rimentation mais aussi le questionnement, la curiosit\u00e9, l&rsquo;int\u00e9r\u00eat pour le Vivant sont ses moteurs d&rsquo;exploration et de cr\u00e9ativit\u00e9. Apr\u00e8s des \u00e9tudes universitaires et une premi\u00e8re \u00e9tape dans la presse et l&rsquo;\u00e9dition, elle parcourt l&rsquo;Asie et se forme au massage Tha\u00ef, \u00e0 la m\u00e9ditation et d\u00e9couvre le Tha\u00ef-chi-chuan. Puis &hellip; <\/p>\n<p class=\"link-more\"><a href=\"https:\/\/art-therapie-laurencegarmadi.fr\/?page_id=34\" class=\"more-link\">Continuer la lecture<span class=\"screen-reader-text\"> de &laquo;&nbsp;Laurence GARMADI&nbsp;&raquo;<\/span><\/a><\/p>\n","protected":false},"author":1,"featured_media":0,"parent":0,"menu_order":0,"comment_status":"closed","ping_status":"closed","template":"","meta":{"footnotes":""},"_links":{"self":[{"href":"https:\/\/art-therapie-laurencegarmadi.fr\/index.php?rest_route=\/wp\/v2\/pages\/34"}],"collection":[{"href":"https:\/\/art-therapie-laurencegarmadi.fr\/index.php?rest_route=\/wp\/v2\/pages"}],"about":[{"href":"https:\/\/art-therapie-laurencegarmadi.fr\/index.php?rest_route=\/wp\/v2\/types\/page"}],"author":[{"embeddable":true,"href":"https:\/\/art-therapie-laurencegarmadi.fr\/index.php?rest_route=\/wp\/v2\/users\/1"}],"replies":[{"embeddable":true,"href":"https:\/\/art-therapie-laurencegarmadi.fr\/index.php?rest_route=%2Fwp%2Fv2%2Fcomments&post=34"}],"version-history":[{"count":13,"href":"https:\/\/art-therapie-laurencegarmadi.fr\/index.php?rest_route=\/wp\/v2\/pages\/34\/revisions"}],"predecessor-version":[{"id":1319,"href":"https:\/\/art-therapie-laurencegarmadi.fr\/index.php?rest_route=\/wp\/v2\/pages\/34\/revisions\/1319"}],"wp:attachment":[{"href":"https:\/\/art-therapie-laurencegarmadi.fr\/index.php?rest_route=%2Fwp%2Fv2%2Fmedia&parent=34"}],"curies":[{"name":"wp","href":"https:\/\/api.w.org\/{rel}","templated":true}]}}

<p align="JUSTIFY"><span style="color: #000000;"><span style="font-family: DIN;"><span style="font-size: medium;">Depuis toujours, le chant, la voix, l&rsquo;écoute, l&rsquo;expérimentation mais aussi le questionnement, la curiosité, l&rsquo;intérêt pour le Vivant sont ses moteurs d&rsquo;exploration et de créativité. </span></span></span></p>
<p align="JUSTIFY"><span style="color: #000000;"><span style="font-family: DIN;"><span style="font-size: medium;">Après des études universitaires et une première étape dans la presse et l&rsquo;édition, elle parcourt l&rsquo;Asie et se forme au massage Thaï, à la méditation et découvre le Thaï-chi-chuan.</span></span></span></p>
<p align="JUSTIFY"><span style="color: #000000;"><span style="font-family: DIN;"><span style="font-size: medium;">Puis en 1993, enceinte pour la première fois, elle contacte un élan qui la pousse vers un travail vocal avec cette injonction : « c&rsquo;est maintenant ». Son chemin d&rsquo;investigation avec la voix et la résonance débute. </span></span></span></p>
<p align="JUSTIFY"><span style="color: #000000;"><span style="font-family: DIN;"><span style="font-size: medium;">Un chemin nourrit de rencontres humaines et vocales. Que chacun, chacune soit ici remercié. </span></span></span></p>
<p align="JUSTIFY"><span style="color: #000000;"><span style="font-family: DIN;"><span style="font-size: medium;">Un itinéraire de vie où chaque étape maternité, maladie, deuil, contact avec la nature permettent la connexion à l&rsquo;intériorité et à l&rsquo;immensité. S&rsquo;y déploie un processus d&rsquo;introspection corporelle et psychique riche, initiatique, qui nourrit ses propositions. Les formations auprès de Sophie Guedj-Metthey, la lecture « des dialogues avec l&rsquo;Ange » ou encore l&rsquo;actuelle formation en Wutao contribuent à l&rsquo;ensemble, inlassablement.</span></span></span></p>
<p align="JUSTIFY"><span style="color: #000000;"><span style="font-family: DIN;"><span style="font-size: medium;">Tout résonne et conduit vers plus de conscience. Sa pratique vocale en est l&rsquo;expression profonde. </span></span></span></p>
<p align="JUSTIFY"><span style="color: #000000;"><span style="font-family: DIN;"><span style="font-size: medium;">Ainsi de ses premiers ateliers en 1997 avec l&rsquo;association « Le Chant du Lac », puis son activité en tant qu&rsquo;indépendante avec « Le Chant de la Terre », au sein de laquelle elle élargit ses domaines d&rsquo;application, en institutions MAS, Maisons d&rsquo;Accueil Spécialisé en psychiatrie, Centre pour enfants poly-handicapés&#8230; à l&rsquo;accompagnement individuel ou en groupe, elle chemine nourrissant inlassablement l&rsquo;écoute, la voix, la résonance&#8230; et dans le tournant de notre société, elle réaffirme son élan toujours de mieux en mieux vers soi, vers le souffle qui nous habite et que nous partageons en lien avec notre Humanité et l&rsquo;omniprésence de l&rsquo;<strong>I</strong>ntelligence <strong>A</strong>moureuse .<br />
</span></span></span></p>
<p align="JUSTIFY"><span style="color: #3366ff;"><span style="font-family: DIN;"><span style="font-size: medium;">En chemin:</span></span></span></p>
<p style="padding-left: 30px;" align="JUSTIFY"><span style="color: #000000;"><span style="font-family: DIN;"><span style="font-size: medium;">Certifiée en Chant du souffle, Wutao</span></span></span></p>
<p style="padding-left: 30px;" align="JUSTIFY"><span style="color: #000000;"><span style="font-family: DIN;"><span style="font-size: medium;">Diplômée en Art-thérapie Faculté de pharmacie et de médecine de Poitiers<br />
</span></span></span></p>
<p style="padding-left: 30px;" align="JUSTIFY"><span style="color: #000000;"><span style="font-family: DIN;"><span style="font-size: medium;">Titulaire des trois degrés de Psychophonie &#8211; Paris </span></span></span></p>
<p style="padding-left: 30px;" align="JUSTIFY"><span style="color: #000000;"><span style="font-family: DIN;"><span style="font-size: medium;">Diplômée en Sciences de l&rsquo;information – DEA- Paris </span></span></span></p>
<p style="padding-left: 30px;" align="JUSTIFY"><span style="color: #000000;"><span style="font-family: DIN;"><span style="font-size: medium;">Diplômée en Sciences humaines &#8211; Licence- Poitiers </span></span></span></p>
<p style="padding-left: 30px;" align="JUSTIFY"><span style="color: #000000;"><span style="font-family: DIN;"><span style="font-size: medium;">Certifiée en massage Thaï – Chiang Maï</span></span></span></p>

<p>Depuis toujours, le chant, la voix, l&rsquo;écoute, l&rsquo;expérimentation mais aussi le questionnement, la curiosité, l&rsquo;intérêt pour le Vivant sont ses moteurs d&rsquo;exploration et de créativité. Après des études universitaires et une première étape dans la presse et l&rsquo;édition, elle parcourt l&rsquo;Asie et se forme au massage Thaï, à la méditation et découvre le Thaï-chi-chuan. Puis &hellip; </p>
<p class="link-more"><a href="https://art-therapie-laurencegarmadi.fr/?page_id=34" class="more-link">Continuer la lecture<span class="screen-reader-text"> de &laquo;&nbsp;Laurence GARMADI&nbsp;&raquo;</span></a></p>
